 3. Let g(w) = w**3 - 4*w**2 + 5*w - 2. Let a be g(2). What is f(a)?
3
Let d(l) be the first derivative of -l**2/2 + 5*l - 3. Let g = -1 + 5. What is d(g)?
1
Let b(l) = 10 - 4*l + 3*l + l - l. Calculate b(7).
3
Let o(y) = 2*y**3 - 2*y**2 + 2*y - 1. Let j be o(1). Suppose 2*l = -0*b - 2*b, 5*b + 4*l = j. Let p(f) = f - 2. Determine p(b).
-1
Let c(o) = -7*o**3 + o. Let p be c(1). Let t(s) be the second derivative of -1/12*s**4 + 0 + 6*s - 7/6*s**3 - 4*s**2. Determine t(p).
-2
Let n(p) = -p. Let f be (-5)/(-30) + (-47)/(-6). Suppose u + 5*b - f = 0, 0 = 2*u + b - 2 - 5. Suppose u*h = h. Give n(h).
0
Let n(m) = 1 - 2*m**2 + 3*m**2 - 2*m + 0. Let v be 1*(6 - 3) + -4. Let t be v/(2/(-4) + 0). Calculate n(t).
1
Let p(t) = t**2 + 3*t + 3. Suppose -s = 6*s + 14. Give p(s).
1
Let b(p) = -1 + 2 - 3*p**2 - 3*p + 2*p**2 + 0*p**2. Calculate b(2).
-9
Let z(l) = -2 + l + 1 - 2*l. Let c = 11 + -8. Suppose -g = c*g - 8. Determine z(g).
-3
Let y(d) = 2*d**2 - 5 - 4*d + 3*d**2 - 4*d**2. Let a(u) be the second derivative of u**5/20 - u**4/3 - 5*u**3/6 + 2*u**2 - u. Let w be a(5). What is y(w)?
-5
Suppose 1 - 2 = a, -2*z - a = -31. Let o = -7 + z. Let g = 5 - o. Let u(n) = 2*n + 1. Give u(g).
-7
Suppose -3*b - 15 = 0, -1 = 4*q + 2*b - 5*b. Let z = -10 - -13. Let t(f) = -3 + 4*f - z*f - f - 2*f. Determine t(q).
5
Let l(k) = 3*k**3 + 6*k**2 - 7*k. Let q be 28/(-8)*1*2. Let t be 1*(-4)/(-6)*9. Let f(h) = 3*h**3 + 7*h**2 - 8*h. Let d(b) = q*l(b) + t*f(b). Give d(-1).
2
Let q(x) = -2*x**3 + 5*x**2 - 5*x + 4. Let s(n) = -n**3 - n**2 + 3*n - 6. Let p be s(-3). Calculate q(p).
-20
Let v(q) = 46*q + 50*q - 97*q - 5. Determine v(-5).
0
Let h(f) = f**3 + 3*f**2 + 4*f + 7. Let z be h(-3). Let d(l) be the third derivative of -l**5/60 - 7*l**4/24 - l**3/2 + l**2. Determine d(z).
7
Let v(c) = c**3 + 2*c**2 + 2*c - 1. Let d(k) = -2*k + 6. Let s be d(5). Let f = 3 + s. Let y = f - 1. Determine v(y).
-5
Let m be -5*4/(-80) - (-27)/4. Let p(q) = -q + 10. Calculate p(m).
3
Let l(w) = w + 3. Let s be l(4). Let c(g) = g**3 - 6*g**2 - 10*g + 9. Let j be c(s). Let t be (-4)/3*j/8. Let f(h) = -4*h**2 + 4*h - 2. Calculate f(t).
-10
Let w(j) be the first derivative of 1/3*j**3 - 1/2*j**2 + j + 4. Suppose 2*x - 2 = 3*d, 3*x - 30 + 10 = -4*d. Determine w(d).
3
Let q(a) be the third derivative of a**6/120 - a**5/60 - a**4/6 - a**2 + 2. Calculate q(3).
6
Suppose -2*m + 6 = 0, f + 7 = 3*m - 7. Let h(n) = n**2 + 5*n - 1. Let w(u) = u**2 + 5*u - 1. Let b(r) = f*w(r) + 6*h(r). Give b(-6).
5
Let p be (-2)/(-3)*3/(-2). Let z = p - -3. Let l(h) = -h**2 + h**2 - 2*h + 3*h**2. What is l(z)?
8
Let f(c) = 6*c. Suppose 5*g - 27 = -17. Determine f(g).
12
Let k(t) = 2 - 1 - t**2 + 0*t**2. Suppose 2*x = -2*x + 16. Suppose 4*g = x*w, g + 2*w - 4*w = 0. Give k(g).
1
Let s(l) = 3*l - 66 - 2*l + 64. Give s(0).
-2
Suppose 0 = 2*c - l + 18, 5*l = c + 2*c + 20. Let t be c/35 - 74/(-14). Let i(j) = -2*j + 3. What is i(t)?
-7
Let c(o) = 2*o**3 - 3*o**2 + o - 1. Suppose 0 = -5*b - 5*q, -2*b + 4*q = -b - 10. Let y be 2/b - (-1 + 0). Determine c(y).
5
Let o(u) = 0 + u + 2 - 1. Let a(r) = -r + 7. Let k be a(9). Determine o(k).
-1
Let s(g) be the first derivative of -g**4/4 - g**2/2 - 5*g + 2. Let n(b) = 2*b + 7. Let y be n(-6). Let h = 5 + y. What is s(h)?
-5
Let s = -6 + 2. Let m be 6 + 3/(6/s). Let w(d) be the third derivative of d**4/24 - 5*d**3/6 + d**2. Calculate w(m).
-1
Let y(l) be the third derivative of l**5/60 + l**3/6 + 7*l**2. Determine y(0).
1
Let p = 0 - -3. Suppose 5*w - 4 = p*q, 9 = 5*q + 3*w - 7. Let x(d) = -d**3 + d**q - 1 - 5*d + 5*d**2 + 6. Calculate x(5).
5
Let r(u) = -2*u**2 + 3*u - 3. Let d(n) = 8*n**2 + 1. Let i be d(1). Let q be i/(-2)*4/3. Let f = -4 - q. What is r(f)?
-5
Let b be (-6)/(-21) - (-47)/7. Let p(g) = g**2 - 4*g - 8. Give p(b).
13
Suppose -2*x = -x - 5. Suppose x*y = y. Let k(m) = -m**3 - m**2 - 4. Determine k(y).
-4
Let b(u) = -2*u + 2*u + 17*u**2 - 16*u**2. Determine b(-2).
4
Let i(y) = -11*y + 13. Let q(a) = -6*a + 7. Let h(r) = 4*i(r) - 7*q(r). Suppose -4*u = k - 6*k - 6, 0 = -4*k + u + 4. Give h(k).
-1
Let y(v) = -v**3 + 5*v**2 - v + 2. Let t be (-15)/(-25) + (-3)/(30/(-44)). Calculate y(t).
-3
Let x = -2 + 3. Let k(b) = -4 + 1 - b - 2*b**2 + b**2 + 4. Determine k(x).
-1
Let d be 2/(1/3 - 1). Let n(z) = z**3 + 3*z**2 + 3*z + 4. Calculate n(d).
-5
Let y be (-1 + 2)/((-6)/(-24)). Let a(l) = -3*l + 16 + 2*l - y. Determine a(5).
7
Suppose 0 = -6*x + 43 - 7. Let r(i) = -i**3 + 6*i**2 + 2*i - 6. Calculate r(x).
6
Let c(l) = -2*l - 5 + 1 - 1 + 1. Let z be c(-12). Suppose z = 6*v - v. Let b(h) = -h + 9. Determine b(v).
5
Suppose -3*m + 10 = -4*w, -3*w = -2*m + 2*w + 2. Let y(f) = -f**3 + 6*f**2 - f + 5. What is y(m)?
-1
Let m = -8 - -13. Let y(v) = -2 - 35*v**2 + 16*v**2 + 4*v + 18*v**2. What is y(m)?
-7
Let h(m) = -8*m**2 - m. Let c = 0 - 3. Let r = c - -2. Determine h(r).
-7
Let c(g) be the third derivative of 0*g - 1/6*g**3 + 1/120*g**6 - 1/30*g**5 + 1/24*g**4 + 0 - 3*g**2. Calculate c(2).
1
Let a(b) = 3*b**3 + b + 1. Let s = 11 - 12. What is a(s)?
-3
Let u be -3 - (9*-3)/(-3). Let b = 17 + u. Let t(p) = -p**3 + 6*p**2 - 4*p. What is t(b)?
5
Let g(q) = -q. Let n(x) = x - 6. Let f(k) = 2*g(k) + n(k). Suppose -u = u. What is f(u)?
-6
Let y(g) = 2*g - 2. Let d(h) = -h + 1. Let m(i) = -3*d(i) - y(i). Let w be (-18)/12*30/9. Determine m(w).
-6
Let r(s) = -4*s**2 + s. Suppose 2*l = 3*f - 0*f - 9, -10 = -2*f. Let c be -2 + (1 - 1) + l. Give r(c).
-3
Let q(j) = -j**3 - j**2 + 1. Let l be q(-1). Let i(r) = 2 - 6*r + 2 + r**2 - l. Calculate i(5).
-2
Let i(c) = -c**2 - 4*c + 7. Let s be i(-5). Let g = -16 - -23. Let f(x) = -2*x**2 - 5 + g*x**2 + x - x**3 + 0 - s. What is f(5)?
-2
Let d(w) = 2*w + 2. Let l = 25 - 23. What is d(l)?
6
Suppose -5*l = -14 - 6, -l = -2*a - 8. Let u(b) be the first derivative of -b**2/2 - b - 1. Give u(a).
1
Let j = 5 - 2. Let o(z) be the second derivative of -z**4/12 + 2*z**3/3 - z**2/2 - z. Calculate o(j).
2
Let s be (15/6 - 0)*2. Let n(m) = m**2 + 2 + 3*m + 2*m + s - 2. Give n(-4).
1
Let q(k) = -k**3 + 5*k**2 - 4*k + 6. Suppose -2*o = 5*t - 8, t + 12 = 6*o - 3*o. What is q(o)?
6
Let c(s) = -s. Let d be (-1 + 0)*(3 + 1). Let q(t) = t**3 + 4*t**2 - 6*t - 4. Let g be q(d). Suppose 2*h + 3*b + 4 = 3*h, -5*h - 3*b = -g. Calculate c(h).
-4
Let d(l) = -l**3 + l**2 + l - 5. Suppose -3*w + 16 = 1. Suppose 0 = w*i - 3*x - 9, -3*x = -3*i - 1 + 10. What is d(i)?
-5
Let n(b) = -9*b**3 - 3*b**2 + b - 13. Let c(s) = 5*s**3 + s**2 + 7. Let y(h) = -7*c(h) - 4*n(h). Calculate y(-5).
23
Let r(i) = 38*i + 74. Let g be r(-2). Suppose -2*w = -w - 4. Let b(n) = 2 + w*n - 3*n**2 - 2*n + 2*n**2. What is b(g)?
-6
Let z(p) = -p**3 + 6*p**2 - 3*p + 2. Let t be (10/(-25))/(3/75). Let u = -5 - t. Determine z(u).
12
Let x = -41 + 62. Let q be (-1)/(2 - x/9). Let s(c) = -2*c**3 + 3*c + 3*c**2 - 4 + 2*c**q - c**3. Calculate s(3).
5
Let u = 3 + -1. Let i be 1 - 3*(-4)/12. Suppose -1 = i*l + 2*q - 3, 0 = -q - u. Let h(o) = 2*o**2 - 4*o. Give h(l).
6
Let p(m) be the third derivative of -1/2*m**3 + 0*m - 5/24*m**4 + 0 + 1/60*m**5 + m**2. Let q(g) = g**2 - 5*g - 10. Let l be q(7). Determine p(l).
-7
Suppose 10 = 5*s - 20. Let m be (3 - 1)*(s - 4). Suppose -2*i - m = -0. Let r(l) = 2*l**3 + 2*l**2 - 3*l - 3. Give r(i).
-5
Let g(n) = -n - 10. Let q be g(-14). Let f(t) = -2*t + 2. Calculate f(q).
-6
Let j(n) = -9*n**2 + 8*n**2 + 2 - 3*n - 1. Let o(z) = 3*z**2 + 8*z - 4. Let l(k) = -11*j(k) - 4*o(k). Give l(-4).
-15
Let d be 105/20 + 1/(-4). Let o(t) = 10 - 3 + 0*t + t - 5. Give o(d).
7
Let x be (-1 - (7 + -2))/(-1). Let h = x - 3. Let j(w) = -3 + 0*w**2 + 3*w + 4*w**2 - 2*w - 3*w**2. Give j(h).
9
Suppose 5*z = 5*u - 15, 5*u - 6 + 19 = -2*z. Let w(v) = -7*v - 46. Let b be w(-6). Let l = u + b. Let r(y) = y**3 + 5*y**2 + 3. What is r(l)?
3
Let a(n) = -n**3 + 4*n**2 - 3*n - 2. Let i be 4/6 + (-80)/12. Suppose 0 = 2*c + 10, x - 3*x + 9 = -3*c. Let u = x - i. Determine a(u).
-2
Let z = 2 + -6. Let u(c) be the second derivative of -c**4/12 - c**3 - c**2/2 - 2*c - 93. Determine u(z).
7
Let j(h) be the third derivative of -h**4/24 + 5*h**3/3 + 8*h**2. What is j(7)?
3
Let u = -67 + 64. Let k(b) = 2*b**2 + 4*b - 3. Calculate k(u).
3
Let k(f) = -5 + 0 - 5*f + 4 - f. Let q = 2 - -1. Suppose 0 = 8*b - q*b + 5*a - 3